{"id":122,"date":"2015-11-02T12:41:36","date_gmt":"2015-11-02T11:41:36","guid":{"rendered":"http:\/\/www.diplomelektriker.wien\/ekici\/?page_id=122"},"modified":"2017-02-02T11:25:17","modified_gmt":"2017-02-02T10:25:17","slug":"infrarotheizung","status":"publish","type":"page","link":"https:\/\/www.diplomelektriker.wien\/ekici\/infrarotheizung\/","title":{"rendered":"INFRAROTHEIZUNG"},"content":{"rendered":"<pre><a href=\"http:\/\/www.diplomelektriker.wien\/ekici\/wp-content\/uploads\/2015\/11\/Logo_400px_Screen1_2014.png\"><img loading=\"lazy\" decoding=\"async\" class=\"alignnone size-full wp-image-132\" src=\"http:\/\/www.diplomelektriker.wien\/ekici\/wp-content\/uploads\/2015\/11\/Logo_400px_Screen1_2014.png\" alt=\"Logo_400px_Screen1_2014\" width=\"200\" height=\"121\" \/>\r\n<\/a><\/pre>\n<div style=\"width: 640px;\" class=\"wp-video\"><video class=\"wp-video-shortcode\" id=\"video-122-1\" width=\"640\" height=\"360\" preload=\"metadata\" controls=\"controls\"><source type=\"video\/mp4\" src=\"http:\/\/www.diplomelektriker.wien\/ekici\/wp-content\/uploads\/2017\/02\/ekici.m4v?_=1\" \/><a href=\"http:\/\/www.diplomelektriker.wien\/ekici\/wp-content\/uploads\/2017\/02\/ekici.m4v\">http:\/\/www.diplomelektriker.wien\/ekici\/wp-content\/uploads\/2017\/02\/ekici.m4v<\/a><\/video><\/div>\n<pre><span>\r\nDie Elias Heizung funktioniert auf Basis der nat\u00fcrlichen W\u00e4rme\u00fcbertragung mittels Strahlungsw\u00e4rme (Infrarotstrahlung). Wie die Sonne oder auch der Kachelofen erw\u00e4rmen sich alle angestrahlten Materialien wie B\u00f6den, W\u00e4nde, Decken und M\u00f6bel und geben so die W\u00e4rme gleichm\u00e4\u00dfig zur\u00fcck in den Raum.\r\n\r\nDadurch wird viel Energie gespart, denn warme Decken, W\u00e4nde und B\u00f6den werden zwangsl\u00e4ufig trocken und weisen optimale D\u00e4mmeigenschaften auf. Die Temperaturverteilung im Raum erfolgt konstant und gleichm\u00e4\u00dfig. Das Raumklima ist angenehm und gesund, da die Nachteile von herk\u00f6mmlichen Heizsystemen wegfallen, wie zum Beispiel Staubverwirbelungen, hohe Temperaturunterschiede im Raum, trockene Luft, kalte F\u00fc\u00dfe und dergleichen.\r\n\r\nF\u00fcr effizientestes und sparsamstes Heizen mit elektrischer Energie ist es essentiell wichtig, folgende Faktoren zu ber\u00fccksichtigen:\r\n\u2022\tideale Betriebstemperatur f\u00fcr Strahlungsw\u00e4rme \u2013 90 bis 100 \u00b0C\r\n\u2022\thohe Leistung auf kleiner Fl\u00e4che \u2013 je weniger Fl\u00e4che desto weniger Luftverwirbelung\r\n\u2022\tm\u00f6glichst wenig Masse f\u00fcr k\u00fcrzeste Aufheizzeiten \u2013 Je weniger Masse erw\u00e4rmt werden muss, desto schneller ist die W\u00e4rme im Raum.\r\n\u2022\tideale Oberfl\u00e4chenbeschaffenheit aus Glas und Keramik \u2013 wie beim Kachelofen seit Jahrhunderten bew\u00e4hrt\r\n\u2022\tverlustfreie W\u00e4rme\u00fcbertragung zwischen Heizleiter und Abstrahlfl\u00e4che \u2013 Dies ist einzig mit der Elias-Beschichtungstechnologie m\u00f6glich, da Heizleiter und Abstrahlfl\u00e4che miteinander molekular verschmolzen sind.<\/span><\/pre>\n","protected":false},"excerpt":{"rendered":"<p>Die Elias Heizung funktioniert auf Basis der nat\u00fcrlichen W\u00e4rme\u00fcbertragung mittels Strahlungsw\u00e4rme (Infrarotstrahlung). Wie die Sonne oder auch der Kachelofen erw\u00e4rmen sich alle angestrahlten Materialien wie B\u00f6den, W\u00e4nde, Decken und M\u00f6bel und geben so die W\u00e4rme gleichm\u00e4\u00dfig zur\u00fcck in den Raum. Dadurch wird viel Energie gespart,<\/p>\n","protected":false},"author":1,"featured_media":0,"parent":0,"menu_order":2,"comment_status":"closed","ping_status":"closed","template":"","meta":{"footnotes":""},"class_list":["post-122","page","type-page","status-publish","hentry"],"_links":{"self":[{"href":"https:\/\/www.diplomelektriker.wien\/ekici\/wp-json\/wp\/v2\/pages\/122","targetHints":{"allow":["GET"]}}],"collection":[{"href":"https:\/\/www.diplomelektriker.wien\/ekici\/wp-json\/wp\/v2\/pages"}],"about":[{"href":"https:\/\/www.diplomelektriker.wien\/ekici\/wp-json\/wp\/v2\/types\/page"}],"author":[{"embeddable":true,"href":"https:\/\/www.diplomelektriker.wien\/ekici\/wp-json\/wp\/v2\/users\/1"}],"replies":[{"embeddable":true,"href":"https:\/\/www.diplomelektriker.wien\/ekici\/wp-json\/wp\/v2\/comments?post=122"}],"version-history":[{"count":15,"href":"https:\/\/www.diplomelektriker.wien\/ekici\/wp-json\/wp\/v2\/pages\/122\/revisions"}],"predecessor-version":[{"id":243,"href":"https:\/\/www.diplomelektriker.wien\/ekici\/wp-json\/wp\/v2\/pages\/122\/revisions\/243"}],"wp:attachment":[{"href":"https:\/\/www.diplomelektriker.wien\/ekici\/wp-json\/wp\/v2\/media?parent=122"}],"curies":[{"name":"wp","href":"https:\/\/api.w.org\/{rel}","templated":true}]}}